by 118.
113
What is the remainder when 3342 is divided by 88?
86
What is the remainder when 405 is divided by 29?
28
What is the remainder when 10149 is divided by 50?
49
Calculate the remainder when 1035 is divided by 61.
59
What is the remainder when 1894 is divided by 378?
4
What is the remainder when 193 is divided by 34?
23
What is the remainder when 1833 is divided by 9?
6
What is the remainder when 585 is divided by 32?
9
Calculate the remainder when 45 is divided by 19.
7
Calculate the remainder when 53 is divided by 28.
25
What is the remainder when 110 is divided by 2?
0
Calculate the remainder when 360 is divided by 13.
9
What is the remainder when 422 is divided by 47?
46
Calculate the remainder when 26248 is divided by 35.
33
Calculate the remainder when 374 is divided by 128.
118
What is the remainder when 188 is divided by 12?
8
Calculate the remainder when 308 is divided by 77.
0
Calculate the remainder when 2945 is divided by 295.
290
What is the remainder when 334 is divided by 122?
90
Calculate the remainder when 117 is divided by 3.
0
What is the remainder when 140 is divided by 24?
20
Calculate the remainder when 189 is divided by 33.
24
What is the remainder when 1055 is divided by 66?
65
Calculate the remainder when 1857 is divided by 6.
3
Calculate the remainder when 503 is divided by 490.
13
What is the remainder when 560 is divided by 100?
60
What is the remainder when 474 is divided by 82?
64
Calculate the remainder when 41 is divided by 4.
1
What is the remainder when 402 is divided by 14?
10
What is the remainder when 1138 is divided by 20?
18
Calculate the remainder when 529 is divided by 107.
101
Calculate the remainder when 170 is divided by 130.
40
Calculate the remainder when 1143 is divided by 17.
4
Calculate the remainder when 166 is divided by 27.
4
Calculate the remainder when 508 is divided by 57.
52
What is the remainder when 4946 is divided by 118?
108
What is the remainder when 600 is divided by 115?
25
Calculate the remainder when 413 is divided by 140.
133
Calculate the remainder when 99 is divided by 27.
18
Calculate the remainder when 17565 is divided by 61.
58
Calculate the remainder when 48111 is divided by 99.
96
Calculate the remainder when 6960 is divided by 211.
208
What is the remainder when 1058 is divided by 53?
51
What is the remainder when 190 is divided by 39?
34
Calculate the remainder when 1759 is divided by 16.
15
Calculate the remainder when 4649 is divided by 9.
5
What is the remainder when 130 is divided by 39?
13
What is the remainder when 297 is divided by 30?
27
What is the remainder when 1138 is divided by 144?
130
What is the remainder when 171 is divided by 31?
16
What is the remainder when 126 is divided by 39?
9
What is the remainder when 235 is divided by 108?
19
What is the remainder when 73 is divided by 20?
13
Calculate the remainder when 156 is divided by 78.
0
What is the remainder when 2350 is divided by 112?
110
Calculate the remainder when 1324 is divided by 333.
325
What is the remainder when 3892 is divided by 155?
17
Calculate the remainder when 236 is divided by 82.
72
Calculate the remainder when 355 is divided by 60.
55
Calculate the remainder when 845 is divided by 71.
64
Calculate the remainder when 1192 is divided by 38.
14
Calculate the remainder when 374 is divided by 78.
62
What is the remainder when 222 is divided by 79?
64
Calculate the remainder when 8434 is divided by 74.
72
Calculate the remainder when 419 is divided by 14.
13
Calculate the remainder when 8687 is divided by 12.
11
Calculate the remainder when 593 is divided by 66.
65
Calculate the remainder when 91 is divided by 45.
1
What is the remainder when 89 is divided by 23?
20
Calculate the remainder when 1139 is divided by 19.
18
Calculate the remainder when 280 is divided by 129.
22
Calculate the remainder when 4719 is divided by 20.
19
Calculate the remainder when 6203 is divided by 94.
93
What is the remainder when 505 is divided by 34?
29
What is the remainder when 1064 is divided by 41?
39
What is the remainder when 909 is divided by 61?
55
Calculate the remainder when 68 is divided by 18.
14
What is the remainder when 1250 is divided by 21?
11
What is the remainder when 2444 is divided by 5?
4
What is the remainder when 191 is divided by 82?
27
What is the remainder when 1483 is divided by 46?
11
Calculate the remainder when 1972 is divided by 25.
22
Calculate the remainder when 301 is divided by 34.
29
What is the remainder when 11539 is divided by 156?
151
What is the remainder when 239 is divided by 84?
71
Calculate the remainder when 32 is divided by 20.
12
Calculate the remainder when 302 is divided by 145.
12
What is the remainder when 1393 is divided by 352?
337
What is the remainder when 278 is divided by 20?
18
What is the remainder when 1872 is divided by 40?
32
Calculate the remainder when 116 is divided by 59.
57
What is the remainder when 283 is divided by 59?
47
Calculate the remainder when 184 is divided by 95.
89
What is the remainder when 426 is divided by 108?
102
What is the remainder when 63534 is divided by 97?
96
Calculate the remainder when 230 is divided by 20.
10
Calculate the remainder when 756 is divided by 19.
15
Calculate the remainder when 125 is divided by 88.
37
What is the remainder when 833 is divided by 331?
171
What is the remainder when 2780 is divided by 87?
83
What is the remainder when 3077 is divided by 39?
35
What is the remainder when 893 is divided by 221?
9
Calculate the remainder when 195 is divided by 53.
36
What is the remainder when 80 is divided by 36?
8
Calculate the remainder when 59 is divided by 20.
19
Calculate the remainder when 586 is divided by 98.
96
Calculate the remainder when 233 is divided by 79.
75
What is the remainder when 912 is divided by 61?
58
What is the remainder when 592 is divided by 99?
97
What is the remainder when 43534 is divided by 17?
14
Calculate the remainder when 1372 is divided by 5.
2
Calculate the remainder when 206 is divided by 71.
64
Calculate the remainder when 82 is divided by 4.
2
Calculate the remainder when 301 is divided by 199.
102
Calculate the remainder when 573 is divided by 32.
29
Calculate the remainder when 366 is divided by 122.
0
What is the remainder when 959 is divided by 32?
31
What is the remainder when 1246 is divided by 236?
66
What is the remainder when 184 is divided by 56?
16
What is the remainder when 118 is divided by 36?
10
What is the remainder when 1622 is divided by 51?
41
What is the remainder when 259 is divided by 62?
11
What is the remainder when 243 is divided by 35?
33
Calculate the remainder when 606 is divided by 47.
42
What is the remainder when 246 is divided by 21?
15
What is the remainder when 2568 is divided by 32?
8
What is the remainder when 59 is divided by 16?
11
What is the remainder when 303 is divided by 2?
1
Calculate the remainder when 47 is divided by 21.
5
Calculate the remainder when 3282 is divided by 15.
12
What is the remainder when 1489 is divided by 71?
69
Calculate the remainder when 1351 is divided by 33.
31
Calculate the remainder when 1371 is divided by 89.
36
What is the remainder when 114 is divided by 59?
55
What is the remainder when 158 is divided by 18?
14
Calculate the remainder when 1606 is divided by 128.
70
What is the remainder when 60 is divided by 9?
6
What is the remainder when 151 is divided by 33?
19
What is the remainder when 297 is divided by 101?
95
Calculate the remainder when 323 is divided by 13.
11
What is the remainder when 606 is divided by 602?
4
What is the remainder when 314 is divided by 7?
6
What is the remainder when 6524 is divided by 225?
224
What is the remainder when 19226 is divided by 13?
12
What is the remainder when 288 is divided by 43?
30
What is the remainder when 118 is divided by 25?
18
What is the remainder when 314 is divided by 269?
45
Calculate the remainder when 1038 is divided by 226.
134
Calculate the remainder when 134 is divided by 20.
14
Calculate the remainder when 441 is divided by 191.
59
Calculate the remainder when 1155 is divided by 129.
123
Calculate the remainder when 64 is divided by 20.
4
Calculate the remainder when 417 is divided by 62.
45
What is the remainder w